{"id":2343,"date":"2023-12-15T20:28:12","date_gmt":"2023-12-15T20:28:12","guid":{"rendered":"https:\/\/he-conseil.com\/?page_id=2343"},"modified":"2023-12-27T11:52:37","modified_gmt":"2023-12-27T11:52:37","slug":"nos-valeurs","status":"publish","type":"page","link":"https:\/\/he-conseil.com\/index.php\/nos-valeurs\/","title":{"rendered":"Nos valeurs"},"content":{"rendered":"\t\t<div data-elementor-type=\"wp-page\" data-elementor-id=\"2343\" class=\"elementor elementor-2343\">\n\t\t\t\t\t\t\t<div class=\"elementor-element elementor-element-96359ae e-flex e-con-boxed e-con e-parent\" data-id=\"96359ae\" data-element_type=\"container\" data-settings=\"{&quot;content_width&quot;:&quot;boxed&quot;}\" data-core-v316-plus=\"true\">\n\t\t\t\t\t<div class=\"e-con-inner\">\n\t\t\t\t\t<\/div>\n\t\t\t\t<\/div>\n\t\t<div class=\"elementor-element elementor-element-6095746 e-flex e-con-boxed e-con e-parent\" data-id=\"6095746\" data-element_type=\"container\" data-settings=\"{&quot;content_width&quot;:&quot;boxed&quot;}\" data-core-v316-plus=\"true\">\n\t\t\t\t\t<div class=\"e-con-inner\">\n\t\t\t\t\t<\/div>\n\t\t\t\t<\/div>\n\t\t<div class=\"elementor-element elementor-element-e4e7973 e-flex e-con-boxed e-con e-parent\" data-id=\"e4e7973\" data-element_type=\"container\" data-settings=\"{&quot;content_width&quot;:&quot;boxed&quot;}\" data-core-v316-plus=\"true\">\n\t\t\t\t\t<div class=\"e-con-inner\">\n\t\t<div class=\"elementor-element elementor-element-0d60e28 e-con-full e-flex e-con e-child\" data-id=\"0d60e28\" data-element_type=\"container\" data-settings=\"{&quot;content_width&quot;:&quot;full&quot;}\">\n\t\t\t\t<div class=\"elementor-element elementor-element-7442019 bline-yes hover-dark-yes with-border-no elementor-widget elementor-widget-iiconbox1\" data-id=\"7442019\" data-element_type=\"widget\" data-widget_type=\"iiconbox1.default\">\n\t\t\t\t<div class=\"elementor-widget-container\">\n\t\t\t\t\t<div class=\"icon-box icon-box-1\">\r\n\t\t\t<div class=\"icon-main\">\r\n\t\t\t\t<span class=\"circle-animate\"><\/span>\r\n\t\t    \t<svg aria-hidden=\"true\" class=\"e-font-icon-svg e-fas-star\" viewBox=\"0 0 576 512\" xmlns=\"http:\/\/www.w3.org\/2000\/svg\"><path d=\"M259.3 17.8L194 150.2 47.9 171.5c-26.2 3.8-36.7 36.1-17.7 54.6l105.7 103-25 145.5c-4.5 26.3 23.2 46 46.4 33.7L288 439.6l130.7 68.7c23.2 12.2 50.9-7.4 46.4-33.7l-25-145.5 105.7-103c19-18.5 8.5-50.8-17.7-54.6L382 150.2 316.7 17.8c-11.7-23.6-45.6-23.9-57.4 0z\"><\/path><\/svg>\t        <\/div>\r\n\t        <div class=\"content-box\">\r\n\t\t\t\t<h6 class=\"title-box\"><a href=\"#\">Professionnalisme <\/a><\/h6>\t\t\t\t<p>Notre id\u00e9e du professionnalisme est sur une forme d\u2019organisation du travail qui repose sur le mod\u00e8le de la profession ind\u00e9pendante, pilotant la d\u00e9finition de son travail, contr\u00f4lant les nouveaux entrants, \u00e9dictant des r\u00e8gles d\u00e9ontologiques. C\u2019est pour nous une combinaison de comp\u00e9tences, de sens de l\u2019\u00e9coute, de mise \u00e0 niveau, de positivisme, de respect des autres et d\u2019accent sur le travail bien fait.<\/p>\t\t\t<\/div>\r\n\t\t\t\t\r\n\t    <\/div>\r\n\t    \t\t<\/div>\n\t\t\t\t<\/div>\n\t\t\t\t<\/div>\n\t\t<div class=\"elementor-element elementor-element-503da97 e-con-full e-flex e-con e-child\" data-id=\"503da97\" data-element_type=\"container\" data-settings=\"{&quot;content_width&quot;:&quot;full&quot;}\">\n\t\t\t\t<div class=\"elementor-element elementor-element-14d9d3c bline-yes hover-dark-yes with-border-no elementor-widget elementor-widget-iiconbox1\" data-id=\"14d9d3c\" data-element_type=\"widget\" data-widget_type=\"iiconbox1.default\">\n\t\t\t\t<div class=\"elementor-widget-container\">\n\t\t\t\t\t<div class=\"icon-box icon-box-1\">\r\n\t\t\t<div class=\"icon-main\">\r\n\t\t\t\t<span class=\"circle-animate\"><\/span>\r\n\t\t    \t<svg aria-hidden=\"true\" class=\"e-font-icon-svg e-fas-star\" viewBox=\"0 0 576 512\" xmlns=\"http:\/\/www.w3.org\/2000\/svg\"><path d=\"M259.3 17.8L194 150.2 47.9 171.5c-26.2 3.8-36.7 36.1-17.7 54.6l105.7 103-25 145.5c-4.5 26.3 23.2 46 46.4 33.7L288 439.6l130.7 68.7c23.2 12.2 50.9-7.4 46.4-33.7l-25-145.5 105.7-103c19-18.5 8.5-50.8-17.7-54.6L382 150.2 316.7 17.8c-11.7-23.6-45.6-23.9-57.4 0z\"><\/path><\/svg>\t        <\/div>\r\n\t        <div class=\"content-box\">\r\n\t\t\t\t<h6 class=\"title-box\"><a href=\"#\">Int\u00e9grit\u00e9<\/a><\/h6>\t\t\t\t<p>Elle repr\u00e9sente selon nous un des plus grands d\u00e9fis dans l\u2019efficacit\u00e9 et le travail d\u2019\u00e9quipe, mais aussi un levier de confiance in\u00e9gal\u00e9e. Envers nous-m\u00eame, envers les membres de l\u2019\u00e9quipe, envers les tiers, en particulier les clients que nous rendons service. Le plus grand challenge est de l\u2019\u00eatre en tout temps. Actualiser l\u2019int\u00e9grit\u00e9 au quotidien, c\u2019est mettre de la droiture, de l\u2019honn\u00eatet\u00e9 et du respect dans nos gestes quotidiens. C\u2019est devenir pour nos proches une inspiration \u00e0 lib\u00e9rer notre plein potentiel.\n<\/p>\t\t\t<\/div>\r\n\t\t\t\t\r\n\t    <\/div>\r\n\t    \t\t<\/div>\n\t\t\t\t<\/div>\n\t\t\t\t<\/div>\n\t\t<div class=\"elementor-element elementor-element-8a7711a e-con-full e-flex e-con e-child\" data-id=\"8a7711a\" data-element_type=\"container\" data-settings=\"{&quot;content_width&quot;:&quot;full&quot;}\">\n\t\t\t\t<div class=\"elementor-element elementor-element-722540f bline-yes hover-dark-yes with-border-no elementor-widget elementor-widget-iiconbox1\" data-id=\"722540f\" data-element_type=\"widget\" data-widget_type=\"iiconbox1.default\">\n\t\t\t\t<div class=\"elementor-widget-container\">\n\t\t\t\t\t<div class=\"icon-box icon-box-1\">\r\n\t\t\t<div class=\"icon-main\">\r\n\t\t\t\t<span class=\"circle-animate\"><\/span>\r\n\t\t    \t<svg aria-hidden=\"true\" class=\"e-font-icon-svg e-fas-star\" viewBox=\"0 0 576 512\" xmlns=\"http:\/\/www.w3.org\/2000\/svg\"><path d=\"M259.3 17.8L194 150.2 47.9 171.5c-26.2 3.8-36.7 36.1-17.7 54.6l105.7 103-25 145.5c-4.5 26.3 23.2 46 46.4 33.7L288 439.6l130.7 68.7c23.2 12.2 50.9-7.4 46.4-33.7l-25-145.5 105.7-103c19-18.5 8.5-50.8-17.7-54.6L382 150.2 316.7 17.8c-11.7-23.6-45.6-23.9-57.4 0z\"><\/path><\/svg>\t        <\/div>\r\n\t        <div class=\"content-box\">\r\n\t\t\t\t<h5 class=\"title-box\">Singularit\u00e9<\/h5>\t\t\t\t<p>Nous militons pour un management dans la singularit\u00e9. Pour l\u2019entreprise, le principal succ\u00e8s tient dans le fait de cr\u00e9er une atmosph\u00e8re de travail stimulante et de permettre \u00e0 ses collaborateurs de s\u2019accomplir. Tr\u00e8s ax\u00e9 sur la mise en place de fonctionnements participatifs, ce nouveau regard sur les collaborateurs lib\u00e8re leur potentiel d'innovation, d'autonomie et de cr\u00e9ativit\u00e9 et encourage des comportements de coop\u00e9ration favorables \u00e0 l'efficience de l'organisation.<\/p>\t\t\t<\/div>\r\n\t\t\t\t\r\n\t    <\/div>\r\n\t    \t\t<\/div>\n\t\t\t\t<\/div>\n\t\t\t\t<\/div>\n\t\t\t\t\t<\/div>\n\t\t\t\t<\/div>\n\t\t\t\t\t\t\t<\/div>\n\t\t","protected":false},"excerpt":{"rendered":"<p>Professionnalisme Notre id\u00e9e du professionnalisme est sur une forme d\u2019organisation du travail qui repose sur le mod\u00e8le de la profession ind\u00e9pendante, pilotant la d\u00e9finition de son travail, contr\u00f4lant les nouveaux entrants, \u00e9dictant des r\u00e8gles d\u00e9ontologiques. C\u2019est pour nous une combinaison de comp\u00e9tences, de sens de l\u2019\u00e9coute, de mise \u00e0 niveau, de positivisme, de respect des [&hellip;]<\/p>\n","protected":false},"author":1,"featured_media":0,"parent":0,"menu_order":0,"comment_status":"closed","ping_status":"closed","template":"","meta":{"footnotes":""},"class_list":["post-2343","page","type-page","status-publish","hentry"],"_links":{"self":[{"href":"https:\/\/he-conseil.com\/index.php\/wp-json\/wp\/v2\/pages\/2343","targetHints":{"allow":["GET"]}}],"collection":[{"href":"https:\/\/he-conseil.com\/index.php\/wp-json\/wp\/v2\/pages"}],"about":[{"href":"https:\/\/he-conseil.com\/index.php\/wp-json\/wp\/v2\/types\/page"}],"author":[{"embeddable":true,"href":"https:\/\/he-conseil.com\/index.php\/wp-json\/wp\/v2\/users\/1"}],"replies":[{"embeddable":true,"href":"https:\/\/he-conseil.com\/index.php\/wp-json\/wp\/v2\/comments?post=2343"}],"version-history":[{"count":7,"href":"https:\/\/he-conseil.com\/index.php\/wp-json\/wp\/v2\/pages\/2343\/revisions"}],"predecessor-version":[{"id":2464,"href":"https:\/\/he-conseil.com\/index.php\/wp-json\/wp\/v2\/pages\/2343\/revisions\/2464"}],"wp:attachment":[{"href":"https:\/\/he-conseil.com\/index.php\/wp-json\/wp\/v2\/media?parent=2343"}],"curies":[{"name":"wp","href":"https:\/\/api.w.org\/{rel}","templated":true}]}}